{"id":46,"date":"2023-08-27T19:32:37","date_gmt":"2023-08-27T17:32:37","guid":{"rendered":"http:\/\/www.imageprod.fr\/imageprojacques\/?page_id=46"},"modified":"2023-09-03T22:28:36","modified_gmt":"2023-09-03T20:28:36","slug":"tarif-video","status":"publish","type":"page","link":"http:\/\/www.imageprod.fr\/imageprojacques\/index.php\/tarif-video\/","title":{"rendered":"Tarif Video"},"content":{"rendered":"\n<p style=\"line-height:0\">1\/2 journ\u00e9e de prestation:   200 \u20ac<\/p>\n\n\n\n<p>Journ\u00e9e de prestation:   350\u20ac<\/p>\n\n\n\n<p>1\/2 journ\u00e9e de d\u00e9placement:   50 \u20ac<\/p>\n\n\n\n<p>Journ\u00e9e de d\u00e9placement:   100 \u20ac<\/p>\n\n\n\n<p>Mise \u00e0 disposition, amortissement mat\u00e9riel et assurance incluse:   150 \u20ac par journ\u00e9e d&rsquo;utilisation<\/p>\n\n\n\n<p>Frais de d\u00e9placements: \u00e0 \u00e9valuer pour chaque prestation (offerts sur M\u00e9tropole de Lyon)<\/p>\n\n\n\n<p>Post production (heure \/ demi-journ\u00e9e \/ journ\u00e9e):   50 \u20ac \/ 200 \u20ac \/ 350 \u20ac<\/p>\n\n\n\n<p><\/p>\n","protected":false},"excerpt":{"rendered":"<p>1\/2 journ\u00e9e de prestation: 200 \u20ac Journ\u00e9e de prestation: 350\u20ac 1\/2 journ\u00e9e de d\u00e9placement: 50 \u20ac Journ\u00e9e de d\u00e9placement: 100 \u20ac Mise \u00e0 disposition, amortissement mat\u00e9riel et assurance incluse: 150 \u20ac par journ\u00e9e d&rsquo;utilisation Frais de d\u00e9placements: \u00e0 \u00e9valuer pour chaque prestation (offerts sur M\u00e9tropole de Lyon) Post production (heure \/ demi-journ\u00e9e \/ journ\u00e9e): 50&#8230;<\/p>\n","protected":false},"author":1,"featured_media":0,"parent":0,"menu_order":0,"comment_status":"closed","ping_status":"closed","template":"","meta":{"_kad_post_transparent":"","_kad_post_title":"","_kad_post_layout":"","_kad_post_sidebar_id":"","_kad_post_content_style":"","_kad_post_vertical_padding":"","_kad_post_feature":"","_kad_post_feature_position":"","_kad_post_header":false,"_kad_post_footer":false,"footnotes":""},"class_list":["post-46","page","type-page","status-publish","hentry"],"_links":{"self":[{"href":"http:\/\/www.imageprod.fr\/imageprojacques\/index.php\/wp-json\/wp\/v2\/pages\/46","targetHints":{"allow":["GET"]}}],"collection":[{"href":"http:\/\/www.imageprod.fr\/imageprojacques\/index.php\/wp-json\/wp\/v2\/pages"}],"about":[{"href":"http:\/\/www.imageprod.fr\/imageprojacques\/index.php\/wp-json\/wp\/v2\/types\/page"}],"author":[{"embeddable":true,"href":"http:\/\/www.imageprod.fr\/imageprojacques\/index.php\/wp-json\/wp\/v2\/users\/1"}],"replies":[{"embeddable":true,"href":"http:\/\/www.imageprod.fr\/imageprojacques\/index.php\/wp-json\/wp\/v2\/comments?post=46"}],"version-history":[{"count":3,"href":"http:\/\/www.imageprod.fr\/imageprojacques\/index.php\/wp-json\/wp\/v2\/pages\/46\/revisions"}],"predecessor-version":[{"id":428,"href":"http:\/\/www.imageprod.fr\/imageprojacques\/index.php\/wp-json\/wp\/v2\/pages\/46\/revisions\/428"}],"wp:attachment":[{"href":"http:\/\/www.imageprod.fr\/imageprojacques\/index.php\/wp-json\/wp\/v2\/media?parent=46"}],"curies":[{"name":"wp","href":"https:\/\/api.w.org\/{rel}","templated":true}]}}