{"id":8,"date":"2023-08-27T16:27:05","date_gmt":"2023-08-27T14:27:05","guid":{"rendered":"http:\/\/www.imageprod.fr\/imageprojacques\/?page_id=8"},"modified":"2023-08-28T09:17:13","modified_gmt":"2023-08-28T07:17:13","slug":"accueil","status":"publish","type":"page","link":"http:\/\/www.imageprod.fr\/imageprojacques\/","title":{"rendered":""},"content":{"rendered":"<style>.kb-row-layout-id8_fe9365-0d > .kt-row-column-wrap{align-content:start;}:where(.kb-row-layout-id8_fe9365-0d > .kt-row-column-wrap) > .wp-block-kadence-column{justify-content:start;}.kb-row-layout-id8_fe9365-0d > .kt-row-column-wrap{column-gap:var(--global-kb-gap-md, 2rem);row-gap:var(--global-kb-gap-md, 2rem);max-width:1193px;margin-left:auto;margin-right:auto;padding-top:var(--global-kb-spacing-sm, 1.5rem);padding-bottom:var(--global-kb-spacing-5xl, 10rem);grid-template-columns:minmax(0, 1fr);}.kb-row-layout-id8_fe9365-0d{background-image:url('http:\/\/www.imageprod.fr\/imageprojacques\/wp-content\/uploads\/2023\/08\/DX7R0486-42-22-scaled.jpg');background-size:cover;background-position:83% 70%;background-attachment:scroll;background-repeat:no-repeat;}.kb-row-layout-id8_fe9365-0d > .kt-row-layout-overlay{opacity:0.30;}@media all and (max-width: 1024px){.kb-row-layout-id8_fe9365-0d > .kt-row-column-wrap{grid-template-columns:minmax(0, 1fr);}}@media all and (max-width: 767px){.kb-row-layout-id8_fe9365-0d > .kt-row-column-wrap{grid-template-columns:minmax(0, 1fr);}}<\/style><div class=\"kb-row-layout-wrap kb-row-layout-id8_fe9365-0d aligncenter kt-row-has-bg wp-block-kadence-rowlayout\"><div class=\"kt-row-column-wrap kt-has-1-columns kt-row-layout-equal kt-tab-layout-inherit kt-mobile-layout-row kt-row-valign-top\">\n<style>.kadence-column8_ba9a89-64 > .kt-inside-inner-col,.kadence-column8_ba9a89-64 > .kt-inside-inner-col:before{border-top-left-radius:0px;border-top-right-radius:0px;border-bottom-right-radius:0px;border-bottom-left-radius:0px;}.kadence-column8_ba9a89-64 > .kt-inside-inner-col:before{opacity:0.3;}.kadence-column8_ba9a89-64{position:relative;}<\/style>\n<div class=\"wp-block-kadence-column kadence-column8_ba9a89-64\"><div class=\"kt-inside-inner-col\"><style>.wp-block-kadence-advancedheading.kt-adv-heading8_483436-69, .wp-block-kadence-advancedheading.kt-adv-heading8_483436-69[data-kb-block=\"kb-adv-heading8_483436-69\"]{text-align:center;font-size:36px;font-style:normal;}.wp-block-kadence-advancedheading.kt-adv-heading8_483436-69 mark, .wp-block-kadence-advancedheading.kt-adv-heading8_483436-69[data-kb-block=\"kb-adv-heading8_483436-69\"] mark{font-style:normal;color:#f76a0c;padding-top:0px;padding-right:0px;padding-bottom:0px;padding-left:0px;}<\/style>\n<h2 class=\"kt-adv-heading8_483436-69 wp-block-kadence-advancedheading has-theme-palette-9-color has-text-color\" data-kb-block=\"kb-adv-heading8_483436-69\">Bienvenue sur les espaces Image Production et DroneXpert<\/h2>\n<\/div><\/div>\n\n<\/div><\/div>\n\n<style>.wp-block-kadence-advancedheading.kt-adv-heading8_e18c59-c2, .wp-block-kadence-advancedheading.kt-adv-heading8_e18c59-c2[data-kb-block=\"kb-adv-heading8_e18c59-c2\"]{text-align:center;font-size:var(--global-kb-font-size-md, 1.25rem);font-style:normal;}.wp-block-kadence-advancedheading.kt-adv-heading8_e18c59-c2 mark, .wp-block-kadence-advancedheading.kt-adv-heading8_e18c59-c2[data-kb-block=\"kb-adv-heading8_e18c59-c2\"] mark{font-style:normal;color:#f76a0c;padding-top:0px;padding-right:0px;padding-bottom:0px;padding-left:0px;}<\/style>\n<h2 class=\"kt-adv-heading8_e18c59-c2 wp-block-kadence-advancedheading\" data-kb-block=\"kb-adv-heading8_e18c59-c2\">Il y a toujours une place pour une image &#8230; <\/h2>\n\n\n\n<p><\/p>\n\n\n<style>.wp-block-kadence-advancedheading.kt-adv-heading8_3edb92-dd, .wp-block-kadence-advancedheading.kt-adv-heading8_3edb92-dd[data-kb-block=\"kb-adv-heading8_3edb92-dd\"]{font-size:var(--global-kb-font-size-md, 1.25rem);font-style:normal;}.wp-block-kadence-advancedheading.kt-adv-heading8_3edb92-dd mark, .wp-block-kadence-advancedheading.kt-adv-heading8_3edb92-dd[data-kb-block=\"kb-adv-heading8_3edb92-dd\"] mark{font-style:normal;color:#f76a0c;padding-top:0px;padding-right:0px;padding-bottom:0px;padding-left:0px;}<\/style>\n<h2 class=\"kt-adv-heading8_3edb92-dd wp-block-kadence-advancedheading\" data-kb-block=\"kb-adv-heading8_3edb92-dd\">Image Production r\u00e9pondra \u00e0 l&rsquo;ensemble de vos besoins de photos ou vid\u00e9o pour vos \u00e9v\u00e8nements familiaux, professionnels, corporates, associatifs, culturels ou sportifs.<\/h2>\n\n\n\n<p>DroneXpert viendra compl\u00e9ter l&rsquo;offre par une prestation Drone permettant de donner \u00e0 vos images une nouvelle dimension.<\/p>\n","protected":false},"excerpt":{"rendered":"<p>Bienvenue sur les espaces Image Production et DroneXpert Il y a toujours une place pour une image &#8230; Image Production r\u00e9pondra \u00e0 l&rsquo;ensemble de vos besoins de photos ou vid\u00e9o pour vos \u00e9v\u00e8nements familiaux, professionnels, corporates, associatifs, culturels ou sportifs. DroneXpert viendra compl\u00e9ter l&rsquo;offre par une prestation Drone permettant de donner \u00e0 vos images une&#8230;<\/p>\n","protected":false},"author":1,"featured_media":0,"parent":0,"menu_order":0,"comment_status":"closed","ping_status":"closed","template":"","meta":{"_kad_post_transparent":"","_kad_post_title":"","_kad_post_layout":"","_kad_post_sidebar_id":"","_kad_post_content_style":"","_kad_post_vertical_padding":"","_kad_post_feature":"","_kad_post_feature_position":"","_kad_post_header":false,"_kad_post_footer":false,"footnotes":""},"class_list":["post-8","page","type-page","status-publish","hentry"],"_links":{"self":[{"href":"http:\/\/www.imageprod.fr\/imageprojacques\/index.php\/wp-json\/wp\/v2\/pages\/8","targetHints":{"allow":["GET"]}}],"collection":[{"href":"http:\/\/www.imageprod.fr\/imageprojacques\/index.php\/wp-json\/wp\/v2\/pages"}],"about":[{"href":"http:\/\/www.imageprod.fr\/imageprojacques\/index.php\/wp-json\/wp\/v2\/types\/page"}],"author":[{"embeddable":true,"href":"http:\/\/www.imageprod.fr\/imageprojacques\/index.php\/wp-json\/wp\/v2\/users\/1"}],"replies":[{"embeddable":true,"href":"http:\/\/www.imageprod.fr\/imageprojacques\/index.php\/wp-json\/wp\/v2\/comments?post=8"}],"version-history":[{"count":9,"href":"http:\/\/www.imageprod.fr\/imageprojacques\/index.php\/wp-json\/wp\/v2\/pages\/8\/revisions"}],"predecessor-version":[{"id":325,"href":"http:\/\/www.imageprod.fr\/imageprojacques\/index.php\/wp-json\/wp\/v2\/pages\/8\/revisions\/325"}],"wp:attachment":[{"href":"http:\/\/www.imageprod.fr\/imageprojacques\/index.php\/wp-json\/wp\/v2\/media?parent=8"}],"curies":[{"name":"wp","href":"https:\/\/api.w.org\/{rel}","templated":true}]}}